{"id":17213,"date":"2025-06-29T08:10:05","date_gmt":"2025-06-29T08:10:05","guid":{"rendered":"https:\/\/zza.orlicemb.cz\/subdom\/zza\/?page_id=17213"},"modified":"2026-02-13T09:22:05","modified_gmt":"2026-02-13T09:22:05","slug":"kurz-prvni-pomoci","status":"publish","type":"page","link":"https:\/\/zza.orlicemb.cz\/subdom\/zza\/kurz-prvni-pomoci\/","title":{"rendered":"Kurz prvn\u00ed pomoci"},"content":{"rendered":"\n<div class=\"wp-block-media-text is-stacked-on-mobile\"><figure class=\"wp-block-media-text__media\"><img loading=\"lazy\" decoding=\"async\" width=\"1024\" height=\"683\" src=\"http:\/\/zza.orlicemb.cz\/subdom\/zza\/wp-content\/uploads\/2019\/02\/47170615462_924c3ebd6a_o-1024x683.jpg\" alt=\"\" class=\"wp-image-16921 size-full\" srcset=\"https:\/\/zza.orlicemb.cz\/subdom\/zza\/wp-content\/uploads\/2019\/02\/47170615462_924c3ebd6a_o-1024x683.jpg 1024w, https:\/\/zza.orlicemb.cz\/subdom\/zza\/wp-content\/uploads\/2019\/02\/47170615462_924c3ebd6a_o-300x200.jpg 300w, https:\/\/zza.orlicemb.cz\/subdom\/zza\/wp-content\/uploads\/2019\/02\/47170615462_924c3ebd6a_o-768x512.jpg 768w\" sizes=\"auto, (max-width: 1024px) 100vw, 1024px\" \/><\/figure><div class=\"wp-block-media-text__content\">\n<p><strong>Term\u00edn:<\/strong><strong>&nbsp;10. &#8211; 12. 4. 2026<\/strong><\/p>\n\n\n\n<p><strong>M\u00edsto:<\/strong>&nbsp;skautsk\u00e1 klubovna v Moravsk\u00fdch Bud\u011bjovic\u00edch (Blahoslavova 1697)<\/p>\n\n\n\n<p><strong>Cena:&nbsp;<\/strong>900,- K\u010d<\/p>\n\n\n\n<p>Kurz trv\u00e1 jeden v\u00edkend a nov\u011b sta\u010d\u00ed vedouc\u00edm k z\u00edsk\u00e1n\u00ed v\u016fdcovsk\u00e9 zkou\u0161ky (u\u017e nemus\u00ed m\u00edt kurz zdravotn\u00edka zotavovac\u00edch akc\u00ed). Splnit si ho m\u016f\u017ee ka\u017ed\u00fd, komu je p\u0159ed zah\u00e1jen\u00edm kurzu <strong>16 let<\/strong> a kurz plat\u00ed do\u017eivotn\u011b. S kurzem <strong>KPP <\/strong>nelze d\u011blat zdravotn\u00edka na t\u00e1bo\u0159e \u010di akc\u00edch.<\/p>\n\n\n\n<div class=\"wp-block-buttons is-layout-flex wp-block-buttons-is-layout-flex\">\n<div class=\"wp-block-button\"><a class=\"wp-block-button__link has-ast-global-color-5-color has-luminous-vivid-orange-background-color has-text-color has-background has-link-color has-custom-font-size wp-element-button\" href=\"https:\/\/is.skaut.cz\/Junak\/Events\/Education\/EventEducationEnroll.aspx?ID_EventEducation=3337&amp;ID_EventEducationCourse=3516\" style=\"border-width:16px;font-size:15px\">P\u0159ihl\u00e1sit se<\/a><\/div>\n<\/div>\n<\/div><\/div>\n\n\n\n<p><\/p>\n","protected":false},"excerpt":{"rendered":"","protected":false},"author":1,"featured_media":0,"parent":0,"menu_order":0,"comment_status":"closed","ping_status":"closed","template":"","meta":{"site-sidebar-layout":"default","site-content-layout":"","ast-site-content-layout":"default","site-content-style":"default","site-sidebar-style":"default","ast-global-header-display":"","ast-banner-title-visibility":"","ast-main-header-display":"","ast-hfb-above-header-display":"","ast-hfb-below-header-display":"","ast-hfb-mobile-header-display":"","site-post-title":"","ast-breadcrumbs-content":"","ast-featured-img":"","footer-sml-layout":"","ast-disable-related-posts":"","theme-transparent-header-meta":"","adv-header-id-meta":"","stick-header-meta":"","header-above-stick-meta":"","header-main-stick-meta":"","header-below-stick-meta":"","astra-migrate-meta-layouts":"set","ast-page-background-enabled":"default","ast-page-background-meta":{"desktop":{"background-color":"var(--ast-global-color-4)","background-image":"","background-repeat":"repeat","background-position":"center center","background-size":"auto","background-attachment":"scroll","background-type":"","background-media":"","overlay-type":"","overlay-color":"","overlay-opacity":"","overlay-gradient":""},"tablet":{"background-color":"","background-image":"","background-repeat":"repeat","background-position":"center center","background-size":"auto","background-attachment":"scroll","background-type":"","background-media":"","overlay-type":"","overlay-color":"","overlay-opacity":"","overlay-gradient":""},"mobile":{"background-color":"","background-image":"","background-repeat":"repeat","background-position":"center center","background-size":"auto","background-attachment":"scroll","background-type":"","background-media":"","overlay-type":"","overlay-color":"","overlay-opacity":"","overlay-gradient":""}},"ast-content-background-meta":{"desktop":{"background-color":"var(--ast-global-color-5)","background-image":"","background-repeat":"repeat","background-position":"center center","background-size":"auto","background-attachment":"scroll","background-type":"","background-media":"","overlay-type":"","overlay-color":"","overlay-opacity":"","overlay-gradient":""},"tablet":{"background-color":"var(--ast-global-color-5)","background-image":"","background-repeat":"repeat","background-position":"center center","background-size":"auto","background-attachment":"scroll","background-type":"","background-media":"","overlay-type":"","overlay-color":"","overlay-opacity":"","overlay-gradient":""},"mobile":{"background-color":"var(--ast-global-color-5)","background-image":"","background-repeat":"repeat","background-position":"center center","background-size":"auto","background-attachment":"scroll","background-type":"","background-media":"","overlay-type":"","overlay-color":"","overlay-opacity":"","overlay-gradient":""}},"footnotes":""},"class_list":["post-17213","page","type-page","status-publish","hentry"],"_links":{"self":[{"href":"https:\/\/zza.orlicemb.cz\/subdom\/zza\/wp-json\/wp\/v2\/pages\/17213","targetHints":{"allow":["GET"]}}],"collection":[{"href":"https:\/\/zza.orlicemb.cz\/subdom\/zza\/wp-json\/wp\/v2\/pages"}],"about":[{"href":"https:\/\/zza.orlicemb.cz\/subdom\/zza\/wp-json\/wp\/v2\/types\/page"}],"author":[{"embeddable":true,"href":"https:\/\/zza.orlicemb.cz\/subdom\/zza\/wp-json\/wp\/v2\/users\/1"}],"replies":[{"embeddable":true,"href":"https:\/\/zza.orlicemb.cz\/subdom\/zza\/wp-json\/wp\/v2\/comments?post=17213"}],"version-history":[{"count":5,"href":"https:\/\/zza.orlicemb.cz\/subdom\/zza\/wp-json\/wp\/v2\/pages\/17213\/revisions"}],"predecessor-version":[{"id":17241,"href":"https:\/\/zza.orlicemb.cz\/subdom\/zza\/wp-json\/wp\/v2\/pages\/17213\/revisions\/17241"}],"wp:attachment":[{"href":"https:\/\/zza.orlicemb.cz\/subdom\/zza\/wp-json\/wp\/v2\/media?parent=17213"}],"curies":[{"name":"wp","href":"https:\/\/api.w.org\/{rel}","templated":true}]}}