{"id":16747,"date":"2018-12-21T14:18:54","date_gmt":"2018-12-21T14:18:54","guid":{"rendered":"http:\/\/zza.orlicemb.cz\/subdom\/zza\/?page_id=16747"},"modified":"2025-10-09T12:42:43","modified_gmt":"2025-10-09T12:42:43","slug":"doskolovak-closed","status":"publish","type":"page","link":"https:\/\/zza.orlicemb.cz\/subdom\/zza\/doskolovak-closed\/","title":{"rendered":""},"content":{"rendered":"\n<div style=\"height:100px\" aria-hidden=\"true\" class=\"wp-block-spacer\"><\/div>\n\n\n\n<h2 class=\"wp-block-heading has-text-align-center\">Do\u0161kolovac\u00ed kurz ZZA<\/h2>\n\n\n\n<div style=\"height:47px\" aria-hidden=\"true\" class=\"wp-block-spacer\"><\/div>\n\n\n\n<div class=\"wp-block-columns has-3-columns is-layout-flex wp-container-core-columns-is-layout-28f84493 wp-block-columns-is-layout-flex\">\n<div class=\"wp-block-column is-layout-flow wp-block-column-is-layout-flow\">\n<figure class=\"wp-block-image aligncenter is-resized\"><img loading=\"lazy\" decoding=\"async\" width=\"512\" height=\"512\" src=\"http:\/\/zza.orlicemb.cz\/subdom\/zza\/wp-content\/uploads\/2018\/12\/calendar-1.png\" alt=\"\" class=\"wp-image-16738\" style=\"width:92px;height:92px\" srcset=\"https:\/\/zza.orlicemb.cz\/subdom\/zza\/wp-content\/uploads\/2018\/12\/calendar-1.png 512w, https:\/\/zza.orlicemb.cz\/subdom\/zza\/wp-content\/uploads\/2018\/12\/calendar-1-150x150.png 150w, https:\/\/zza.orlicemb.cz\/subdom\/zza\/wp-content\/uploads\/2018\/12\/calendar-1-300x300.png 300w, https:\/\/zza.orlicemb.cz\/subdom\/zza\/wp-content\/uploads\/2018\/12\/calendar-1-350x350.png 350w, https:\/\/zza.orlicemb.cz\/subdom\/zza\/wp-content\/uploads\/2018\/12\/calendar-1-275x275.png 275w\" sizes=\"auto, (max-width: 512px) 100vw, 512px\" \/><\/figure>\n\n\n\n<div style=\"height:26px\" aria-hidden=\"true\" class=\"wp-block-spacer\"><\/div>\n\n\n\n<p class=\"has-text-align-center\"><strong>8.11.2025<\/strong><\/p>\n\n\n\n<p class=\"has-text-align-center\">9:00 &#8211; 17:00<\/p>\n<\/div>\n\n\n\n<div class=\"wp-block-column is-layout-flow wp-block-column-is-layout-flow\">\n<figure class=\"wp-block-image aligncenter is-resized\"><img loading=\"lazy\" decoding=\"async\" width=\"512\" height=\"512\" src=\"http:\/\/zza.orlicemb.cz\/subdom\/zza\/wp-content\/uploads\/2018\/12\/home.png\" alt=\"\" class=\"wp-image-16739\" style=\"width:92px;height:92px\" srcset=\"https:\/\/zza.orlicemb.cz\/subdom\/zza\/wp-content\/uploads\/2018\/12\/home.png 512w, https:\/\/zza.orlicemb.cz\/subdom\/zza\/wp-content\/uploads\/2018\/12\/home-150x150.png 150w, https:\/\/zza.orlicemb.cz\/subdom\/zza\/wp-content\/uploads\/2018\/12\/home-300x300.png 300w, https:\/\/zza.orlicemb.cz\/subdom\/zza\/wp-content\/uploads\/2018\/12\/home-350x350.png 350w, https:\/\/zza.orlicemb.cz\/subdom\/zza\/wp-content\/uploads\/2018\/12\/home-275x275.png 275w\" sizes=\"auto, (max-width: 512px) 100vw, 512px\" \/><\/figure>\n\n\n\n<div style=\"height:27px\" aria-hidden=\"true\" class=\"wp-block-spacer\"><\/div>\n\n\n\n<p>\n\nV\u0161e se bude odehr\u00e1vat ve skautsk\u00e9 klubovn\u011b v Moravsk\u00fdch Bud\u011bjovic\u00edch na ulici Blahoslavova 1697 a jej\u00edm okol\u00ed.\n\n<\/p>\n<\/div>\n\n\n\n<div class=\"wp-block-column is-layout-flow wp-block-column-is-layout-flow\">\n<figure class=\"wp-block-image aligncenter is-resized\"><img loading=\"lazy\" decoding=\"async\" width=\"480\" height=\"480\" src=\"http:\/\/zza.orlicemb.cz\/subdom\/zza\/wp-content\/uploads\/2018\/12\/wallet.png\" alt=\"\" class=\"wp-image-16608\" style=\"width:93px;height:92px\" srcset=\"https:\/\/zza.orlicemb.cz\/subdom\/zza\/wp-content\/uploads\/2018\/12\/wallet.png 480w, https:\/\/zza.orlicemb.cz\/subdom\/zza\/wp-content\/uploads\/2018\/12\/wallet-150x150.png 150w, https:\/\/zza.orlicemb.cz\/subdom\/zza\/wp-content\/uploads\/2018\/12\/wallet-300x300.png 300w, https:\/\/zza.orlicemb.cz\/subdom\/zza\/wp-content\/uploads\/2018\/12\/wallet-275x275.png 275w\" sizes=\"auto, (max-width: 480px) 100vw, 480px\" \/><\/figure>\n\n\n\n<div style=\"height:27px\" aria-hidden=\"true\" class=\"wp-block-spacer\"><\/div>\n\n\n\n<p>Cena &#8211; 300,- K\u010d (zahrnuje d\u00e1rek a j\u00eddlo)<\/p>\n<\/div>\n<\/div>\n\n\n\n<h4 class=\"wp-block-heading has-text-align-center\"><\/h4>\n\n\n\n<p class=\"has-text-align-center\"><strong>P\u0159ihla\u0161ov\u00e1n\u00ed emailem:\u00a0<\/strong><a href=\"mailto:skodova.luc@seznam.cz\">skodova.luc@seznam.cz<\/a>\u00a0(ve form\u011b : jm\u00e9no a p\u0159\u00edjmen\u00ed, adresa, rodn\u00e9 \u010d\u00edslo, st\u0159edisko)<\/p>\n\n\n\n<div style=\"height:100px\" aria-hidden=\"true\" class=\"wp-block-spacer\"><\/div>\n\n\n\n<p><\/p>\n\n\n\n<figure class=\"wp-block-image\"><img loading=\"lazy\" decoding=\"async\" width=\"1024\" height=\"18\" src=\"http:\/\/zza.orlicemb.cz\/subdom\/zza\/wp-content\/uploads\/2018\/12\/white-e1545397287973-1024x18.png\" alt=\"\" class=\"wp-image-16713\" srcset=\"https:\/\/zza.orlicemb.cz\/subdom\/zza\/wp-content\/uploads\/2018\/12\/white-e1545397287973-1024x18.png 1024w, https:\/\/zza.orlicemb.cz\/subdom\/zza\/wp-content\/uploads\/2018\/12\/white-e1545397287973-300x5.png 300w, https:\/\/zza.orlicemb.cz\/subdom\/zza\/wp-content\/uploads\/2018\/12\/white-e1545397287973-768x13.png 768w\" sizes=\"auto, (max-width: 1024px) 100vw, 1024px\" \/><\/figure>\n\n\n\n<div style=\"height:100px\" aria-hidden=\"true\" class=\"wp-block-spacer\"><\/div>\n","protected":false},"excerpt":{"rendered":"<p>Do\u0161kolovac\u00ed kurz ZZA 8.11.2025 9:00 &#8211; 17:00 V\u0161e se bude odehr\u00e1vat ve skautsk\u00e9 klubovn\u011b v Moravsk\u00fdch Bud\u011bjovic\u00edch na ulici Blahoslavova 1697 a jej\u00edm okol\u00ed. Cena &#8211; 300,- K\u010d (zahrnuje d\u00e1rek a j\u00eddlo) P\u0159ihla\u0161ov\u00e1n\u00ed emailem:\u00a0skodova.luc@seznam.cz\u00a0(ve form\u011b : jm\u00e9no a p\u0159\u00edjmen\u00ed, adresa, rodn\u00e9 \u010d\u00edslo, st\u0159edisko)<\/p>\n","protected":false},"author":1,"featured_media":0,"parent":0,"menu_order":0,"comment_status":"closed","ping_status":"closed","template":"","meta":{"site-sidebar-layout":"default","site-content-layout":"","ast-site-content-layout":"default","site-content-style":"default","site-sidebar-style":"default","ast-global-header-display":"","ast-banner-title-visibility":"","ast-main-header-display":"","ast-hfb-above-header-display":"","ast-hfb-below-header-display":"","ast-hfb-mobile-header-display":"","site-post-title":"","ast-breadcrumbs-content":"","ast-featured-img":"","footer-sml-layout":"","ast-disable-related-posts":"","theme-transparent-header-meta":"","adv-header-id-meta":"","stick-header-meta":"","header-above-stick-meta":"","header-main-stick-meta":"","header-below-stick-meta":"","astra-migrate-meta-layouts":"set","ast-page-background-enabled":"default","ast-page-background-meta":{"desktop":{"background-color":"var(--ast-global-color-4)","background-image":"","background-repeat":"repeat","background-position":"center center","background-size":"auto","background-attachment":"scroll","background-type":"","background-media":"","overlay-type":"","overlay-color":"","overlay-opacity":"","overlay-gradient":""},"tablet":{"background-color":"","background-image":"","background-repeat":"repeat","background-position":"center center","background-size":"auto","background-attachment":"scroll","background-type":"","background-media":"","overlay-type":"","overlay-color":"","overlay-opacity":"","overlay-gradient":""},"mobile":{"background-color":"","background-image":"","background-repeat":"repeat","background-position":"center center","background-size":"auto","background-attachment":"scroll","background-type":"","background-media":"","overlay-type":"","overlay-color":"","overlay-opacity":"","overlay-gradient":""}},"ast-content-background-meta":{"desktop":{"background-color":"var(--ast-global-color-5)","background-image":"","background-repeat":"repeat","background-position":"center center","background-size":"auto","background-attachment":"scroll","background-type":"","background-media":"","overlay-type":"","overlay-color":"","overlay-opacity":"","overlay-gradient":""},"tablet":{"background-color":"var(--ast-global-color-5)","background-image":"","background-repeat":"repeat","background-position":"center center","background-size":"auto","background-attachment":"scroll","background-type":"","background-media":"","overlay-type":"","overlay-color":"","overlay-opacity":"","overlay-gradient":""},"mobile":{"background-color":"var(--ast-global-color-5)","background-image":"","background-repeat":"repeat","background-position":"center center","background-size":"auto","background-attachment":"scroll","background-type":"","background-media":"","overlay-type":"","overlay-color":"","overlay-opacity":"","overlay-gradient":""}},"footnotes":""},"class_list":["post-16747","page","type-page","status-publish","hentry"],"_links":{"self":[{"href":"https:\/\/zza.orlicemb.cz\/subdom\/zza\/wp-json\/wp\/v2\/pages\/16747","targetHints":{"allow":["GET"]}}],"collection":[{"href":"https:\/\/zza.orlicemb.cz\/subdom\/zza\/wp-json\/wp\/v2\/pages"}],"about":[{"href":"https:\/\/zza.orlicemb.cz\/subdom\/zza\/wp-json\/wp\/v2\/types\/page"}],"author":[{"embeddable":true,"href":"https:\/\/zza.orlicemb.cz\/subdom\/zza\/wp-json\/wp\/v2\/users\/1"}],"replies":[{"embeddable":true,"href":"https:\/\/zza.orlicemb.cz\/subdom\/zza\/wp-json\/wp\/v2\/comments?post=16747"}],"version-history":[{"count":13,"href":"https:\/\/zza.orlicemb.cz\/subdom\/zza\/wp-json\/wp\/v2\/pages\/16747\/revisions"}],"predecessor-version":[{"id":17222,"href":"https:\/\/zza.orlicemb.cz\/subdom\/zza\/wp-json\/wp\/v2\/pages\/16747\/revisions\/17222"}],"wp:attachment":[{"href":"https:\/\/zza.orlicemb.cz\/subdom\/zza\/wp-json\/wp\/v2\/media?parent=16747"}],"curies":[{"name":"wp","href":"https:\/\/api.w.org\/{rel}","templated":true}]}}